{"id":2888,"date":"2021-09-06T09:20:38","date_gmt":"2021-09-06T09:20:38","guid":{"rendered":"https:\/\/kits.themecy.com\/memberships-1\/?page_id=26"},"modified":"2021-09-06T09:20:38","modified_gmt":"2021-09-06T09:20:38","slug":"log-in","status":"publish","type":"page","link":"https:\/\/monadezen.com\/index.php\/log-in\/","title":{"rendered":"Log In"},"content":{"rendered":"<p>[login_form]<\/p>\n","protected":false},"excerpt":{"rendered":"","protected":false},"author":1,"featured_media":2874,"parent":0,"menu_order":0,"comment_status":"closed","ping_status":"closed","template":"","meta":{"_price":"","_stock":"","_tribe_ticket_header":"","_tribe_default_ticket_provider":"","_tribe_ticket_capacity":"0","_ticket_start_date":"","_ticket_end_date":"","_tribe_ticket_show_description":"","_tribe_ticket_show_not_going":false,"_tribe_ticket_use_global_stock":"","_tribe_ticket_global_stock_level":"","_global_stock_mode":"","_global_stock_cap":"","_tribe_rsvp_for_event":"","_tribe_ticket_going_count":"","_tribe_ticket_not_going_count":"","_tribe_tickets_list":"[]","_tribe_ticket_has_attendee_info_fields":false,"_EventAllDay":false,"_EventTimezone":"","_EventStartDate":"","_EventEndDate":"","_EventStartDateUTC":"","_EventEndDateUTC":"","_EventShowMap":false,"_EventShowMapLink":false,"_EventURL":"","_EventCost":"","_EventCostDescription":"","_EventCurrencySymbol":"","_EventCurrencyCode":"","_EventCurrencyPosition":"","_EventDateTimeSeparator":"","_EventTimeRangeSeparator":"","_EventOrganizerID":[],"_EventVenueID":[],"_OrganizerEmail":"","_OrganizerPhone":"","_OrganizerWebsite":"","_VenueAddress":"","_VenueCity":"","_VenueCountry":"","_VenueProvince":"","_VenueState":"","_VenueZip":"","_VenuePhone":"","_VenueURL":"","_VenueStateProvince":"","_VenueLat":"","_VenueLng":"","_VenueShowMap":false,"_VenueShowMapLink":false,"_kad_post_transparent":"","_kad_post_title":"","_kad_post_layout":"narrow","_kad_post_sidebar_id":"","_kad_post_content_style":"","_kad_post_vertical_padding":"","_kad_post_feature":"","_kad_post_feature_position":"","_kad_post_header":false,"_kad_post_footer":false,"footnotes":"","_tec_slr_enabled":"","_tec_slr_layout":""},"class_list":["post-2888","page","type-page","status-publish","has-post-thumbnail","hentry"],"yoast_head":"<!-- This site is optimized with the Yoast SEO plugin v26.5 - https:\/\/yoast.com\/wordpress\/plugins\/seo\/ -->\n<title>Log In - MONADEZEN\u00ae %<\/title>\n<meta name=\"robots\" content=\"noindex, follow, max-snippet:-1, max-image-preview:large, max-video-preview:-1\" \/>\n<meta property=\"og:locale\" content=\"fr_FR\" \/>\n<meta property=\"og:type\" content=\"article\" \/>\n<meta property=\"og:title\" content=\"Log In - MONADEZEN\u00ae %\" \/>\n<meta property=\"og:url\" content=\"https:\/\/monadezen.com\/index.php\/log-in\/\" \/>\n<meta property=\"og:site_name\" content=\"MONADEZEN\u00ae\" \/>\n<meta property=\"og:image\" content=\"https:\/\/monadezen.com\/wp-content\/uploads\/2022\/02\/Log-In.jpeg\" \/>\n\t<meta property=\"og:image:width\" content=\"1600\" \/>\n\t<meta property=\"og:image:height\" content=\"540\" \/>\n\t<meta property=\"og:image:type\" content=\"image\/jpeg\" \/>\n<meta name=\"twitter:card\" content=\"summary_large_image\" \/>\n<script type=\"application\/ld+json\" class=\"yoast-schema-graph\">{\"@context\":\"https:\/\/schema.org\",\"@graph\":[{\"@type\":\"WebPage\",\"@id\":\"https:\/\/monadezen.com\/index.php\/log-in\/\",\"url\":\"https:\/\/monadezen.com\/index.php\/log-in\/\",\"name\":\"Log In - MONADEZEN\u00ae %\",\"isPartOf\":{\"@id\":\"https:\/\/monadezen.com\/#website\"},\"primaryImageOfPage\":{\"@id\":\"https:\/\/monadezen.com\/index.php\/log-in\/#primaryimage\"},\"image\":{\"@id\":\"https:\/\/monadezen.com\/index.php\/log-in\/#primaryimage\"},\"thumbnailUrl\":\"https:\/\/monadezen.com\/wp-content\/uploads\/2022\/02\/Log-In.jpeg\",\"datePublished\":\"2021-09-06T09:20:38+00:00\",\"breadcrumb\":{\"@id\":\"https:\/\/monadezen.com\/index.php\/log-in\/#breadcrumb\"},\"inLanguage\":\"fr-FR\",\"potentialAction\":[{\"@type\":\"ReadAction\",\"target\":[\"https:\/\/monadezen.com\/index.php\/log-in\/\"]}]},{\"@type\":\"ImageObject\",\"inLanguage\":\"fr-FR\",\"@id\":\"https:\/\/monadezen.com\/index.php\/log-in\/#primaryimage\",\"url\":\"https:\/\/monadezen.com\/wp-content\/uploads\/2022\/02\/Log-In.jpeg\",\"contentUrl\":\"https:\/\/monadezen.com\/wp-content\/uploads\/2022\/02\/Log-In.jpeg\",\"width\":1600,\"height\":540},{\"@type\":\"BreadcrumbList\",\"@id\":\"https:\/\/monadezen.com\/index.php\/log-in\/#breadcrumb\",\"itemListElement\":[{\"@type\":\"ListItem\",\"position\":1,\"name\":\"Accueil\",\"item\":\"https:\/\/monadezen.com\/\"},{\"@type\":\"ListItem\",\"position\":2,\"name\":\"Log In\"}]},{\"@type\":\"WebSite\",\"@id\":\"https:\/\/monadezen.com\/#website\",\"url\":\"https:\/\/monadezen.com\/\",\"name\":\"MONADEZEN\",\"description\":\"Chaque foul\u00e9e lib\u00e8re votre ADN, Chaque victoire c\u00e9l\u00e8bre votre \u00e9panouissement\",\"publisher\":{\"@id\":\"https:\/\/monadezen.com\/#\/schema\/person\/d4c0d0f9b390e2001dc2f2e8e2d2bbba\"},\"potentialAction\":[{\"@type\":\"SearchAction\",\"target\":{\"@type\":\"EntryPoint\",\"urlTemplate\":\"https:\/\/monadezen.com\/?s={search_term_string}\"},\"query-input\":{\"@type\":\"PropertyValueSpecification\",\"valueRequired\":true,\"valueName\":\"search_term_string\"}}],\"inLanguage\":\"fr-FR\"},{\"@type\":[\"Person\",\"Organization\"],\"@id\":\"https:\/\/monadezen.com\/#\/schema\/person\/d4c0d0f9b390e2001dc2f2e8e2d2bbba\",\"name\":\"Nathalie monadezen\",\"image\":{\"@type\":\"ImageObject\",\"inLanguage\":\"fr-FR\",\"@id\":\"https:\/\/monadezen.com\/#\/schema\/person\/image\/\",\"url\":\"https:\/\/monadezen.com\/wp-content\/uploads\/2025\/12\/cropped-Logo-MONADEZEN-3b-Logo-Nom-Tagline.png\",\"contentUrl\":\"https:\/\/monadezen.com\/wp-content\/uploads\/2025\/12\/cropped-Logo-MONADEZEN-3b-Logo-Nom-Tagline.png\",\"width\":500,\"height\":476,\"caption\":\"Nathalie monadezen\"},\"logo\":{\"@id\":\"https:\/\/monadezen.com\/#\/schema\/person\/image\/\"},\"sameAs\":[\"https:\/\/monadezen.com\/\"]}]}<\/script>\n<!-- \/ Yoast SEO plugin. -->","yoast_head_json":{"title":"Log In - MONADEZEN\u00ae %","robots":{"index":"noindex","follow":"follow","max-snippet":"max-snippet:-1","max-image-preview":"max-image-preview:large","max-video-preview":"max-video-preview:-1"},"og_locale":"fr_FR","og_type":"article","og_title":"Log In - MONADEZEN\u00ae %","og_url":"https:\/\/monadezen.com\/index.php\/log-in\/","og_site_name":"MONADEZEN\u00ae","og_image":[{"width":1600,"height":540,"url":"https:\/\/monadezen.com\/wp-content\/uploads\/2022\/02\/Log-In.jpeg","type":"image\/jpeg"}],"twitter_card":"summary_large_image","schema":{"@context":"https:\/\/schema.org","@graph":[{"@type":"WebPage","@id":"https:\/\/monadezen.com\/index.php\/log-in\/","url":"https:\/\/monadezen.com\/index.php\/log-in\/","name":"Log In - MONADEZEN\u00ae %","isPartOf":{"@id":"https:\/\/monadezen.com\/#website"},"primaryImageOfPage":{"@id":"https:\/\/monadezen.com\/index.php\/log-in\/#primaryimage"},"image":{"@id":"https:\/\/monadezen.com\/index.php\/log-in\/#primaryimage"},"thumbnailUrl":"https:\/\/monadezen.com\/wp-content\/uploads\/2022\/02\/Log-In.jpeg","datePublished":"2021-09-06T09:20:38+00:00","breadcrumb":{"@id":"https:\/\/monadezen.com\/index.php\/log-in\/#breadcrumb"},"inLanguage":"fr-FR","potentialAction":[{"@type":"ReadAction","target":["https:\/\/monadezen.com\/index.php\/log-in\/"]}]},{"@type":"ImageObject","inLanguage":"fr-FR","@id":"https:\/\/monadezen.com\/index.php\/log-in\/#primaryimage","url":"https:\/\/monadezen.com\/wp-content\/uploads\/2022\/02\/Log-In.jpeg","contentUrl":"https:\/\/monadezen.com\/wp-content\/uploads\/2022\/02\/Log-In.jpeg","width":1600,"height":540},{"@type":"BreadcrumbList","@id":"https:\/\/monadezen.com\/index.php\/log-in\/#breadcrumb","itemListElement":[{"@type":"ListItem","position":1,"name":"Accueil","item":"https:\/\/monadezen.com\/"},{"@type":"ListItem","position":2,"name":"Log In"}]},{"@type":"WebSite","@id":"https:\/\/monadezen.com\/#website","url":"https:\/\/monadezen.com\/","name":"MONADEZEN","description":"Chaque foul\u00e9e lib\u00e8re votre ADN, Chaque victoire c\u00e9l\u00e8bre votre \u00e9panouissement","publisher":{"@id":"https:\/\/monadezen.com\/#\/schema\/person\/d4c0d0f9b390e2001dc2f2e8e2d2bbba"},"potentialAction":[{"@type":"SearchAction","target":{"@type":"EntryPoint","urlTemplate":"https:\/\/monadezen.com\/?s={search_term_string}"},"query-input":{"@type":"PropertyValueSpecification","valueRequired":true,"valueName":"search_term_string"}}],"inLanguage":"fr-FR"},{"@type":["Person","Organization"],"@id":"https:\/\/monadezen.com\/#\/schema\/person\/d4c0d0f9b390e2001dc2f2e8e2d2bbba","name":"Nathalie monadezen","image":{"@type":"ImageObject","inLanguage":"fr-FR","@id":"https:\/\/monadezen.com\/#\/schema\/person\/image\/","url":"https:\/\/monadezen.com\/wp-content\/uploads\/2025\/12\/cropped-Logo-MONADEZEN-3b-Logo-Nom-Tagline.png","contentUrl":"https:\/\/monadezen.com\/wp-content\/uploads\/2025\/12\/cropped-Logo-MONADEZEN-3b-Logo-Nom-Tagline.png","width":500,"height":476,"caption":"Nathalie monadezen"},"logo":{"@id":"https:\/\/monadezen.com\/#\/schema\/person\/image\/"},"sameAs":["https:\/\/monadezen.com\/"]}]}},"ticketed":false,"_links":{"self":[{"href":"https:\/\/monadezen.com\/index.php\/wp-json\/wp\/v2\/pages\/2888","targetHints":{"allow":["GET"]}}],"collection":[{"href":"https:\/\/monadezen.com\/index.php\/wp-json\/wp\/v2\/pages"}],"about":[{"href":"https:\/\/monadezen.com\/index.php\/wp-json\/wp\/v2\/types\/page"}],"author":[{"embeddable":true,"href":"https:\/\/monadezen.com\/index.php\/wp-json\/wp\/v2\/users\/1"}],"replies":[{"embeddable":true,"href":"https:\/\/monadezen.com\/index.php\/wp-json\/wp\/v2\/comments?post=2888"}],"version-history":[{"count":0,"href":"https:\/\/monadezen.com\/index.php\/wp-json\/wp\/v2\/pages\/2888\/revisions"}],"wp:featuredmedia":[{"embeddable":true,"href":"https:\/\/monadezen.com\/index.php\/wp-json\/wp\/v2\/media\/2874"}],"wp:attachment":[{"href":"https:\/\/monadezen.com\/index.php\/wp-json\/wp\/v2\/media?parent=2888"}],"curies":[{"name":"wp","href":"https:\/\/api.w.org\/{rel}","templated":true}]}}